{"id":2,"date":"2024-03-06T10:36:42","date_gmt":"2024-03-06T09:36:42","guid":{"rendered":"http:\/\/lisleenvironnement.fr\/?page_id=2"},"modified":"2024-09-02T16:32:32","modified_gmt":"2024-09-02T14:32:32","slug":"page-d-exemple","status":"publish","type":"page","link":"https:\/\/lisleenvironnement.fr\/","title":{"rendered":"Lisle Environnement"},"content":{"rendered":"\n<p>Situ\u00e9e \u00e0 Lisle sur Tarn, notre association a pour mission :<\/p>\n\n\n\n<ul class=\"wp-block-list\">\n<li>la pr\u00e9servation et la valorisation du patrimoine humain et naturel de la commune ;<\/li>\n\n\n\n<li>une gestion de l\u2019eau \u00e9conome et non polluante ;<\/li>\n\n\n\n<li>une gestion des d\u00e9chets les r\u00e9duisant \u00e0 la source et favorisant leur recyclage.<\/li>\n<\/ul>\n\n\n\n<div class=\"wp-block-buttons is-content-justification-center is-layout-flex wp-container-core-buttons-is-layout-16018d1d wp-block-buttons-is-layout-flex\">\n<div class=\"wp-block-button\"><a class=\"wp-block-button__link wp-element-button\" href=\"https:\/\/lisleenvironnement.fr\/index.php\/nous-connaitre\/\">En savoir plus<\/a><\/div>\n<\/div>\n\n\n\n<h2 class=\"wp-block-heading\">Participer<\/h2>\n\n\n\n<p>Pour \u00eatre au courant de nos actions et nous soutenir, rejoignez-nous.<\/p>\n\n\n\n<div class=\"wp-block-buttons is-content-justification-center is-layout-flex wp-container-core-buttons-is-layout-16018d1d wp-block-buttons-is-layout-flex\">\n<div class=\"wp-block-button\"><a class=\"wp-block-button__link wp-element-button\" href=\"https:\/\/www.helloasso.com\/associations\/lisle-environnement\/adhesions\/adhesion-lisle-environnement\">Adh\u00e9rer<\/a><\/div>\n<\/div>\n\n\n<div class=\"wp-block-image\">\n<figure class=\"aligncenter size-full\"><img loading=\"lazy\" decoding=\"async\" width=\"600\" height=\"600\" src=\"https:\/\/lisleenvironnement.fr\/wp-content\/uploads\/2024\/09\/qrcode.png\" alt=\"\" class=\"wp-image-82\" srcset=\"https:\/\/lisleenvironnement.fr\/wp-content\/uploads\/2024\/09\/qrcode.png 600w, https:\/\/lisleenvironnement.fr\/wp-content\/uploads\/2024\/09\/qrcode-300x300.png 300w, https:\/\/lisleenvironnement.fr\/wp-content\/uploads\/2024\/09\/qrcode-150x150.png 150w\" sizes=\"auto, (max-width: 600px) 100vw, 600px\" \/><\/figure>\n<\/div>","protected":false},"excerpt":{"rendered":"<p>Situ\u00e9e \u00e0 Lisle sur Tarn, notre association a pour mission : Participer Pour \u00eatre au courant de nos actions et nous soutenir, rejoignez-nous.<\/p>\n","protected":false},"author":1,"featured_media":9,"parent":0,"menu_order":0,"comment_status":"closed","ping_status":"open","template":"","meta":{"footnotes":""},"class_list":["post-2","page","type-page","status-publish","has-post-thumbnail","hentry"],"_links":{"self":[{"href":"https:\/\/lisleenvironnement.fr\/index.php\/wp-json\/wp\/v2\/pages\/2","targetHints":{"allow":["GET"]}}],"collection":[{"href":"https:\/\/lisleenvironnement.fr\/index.php\/wp-json\/wp\/v2\/pages"}],"about":[{"href":"https:\/\/lisleenvironnement.fr\/index.php\/wp-json\/wp\/v2\/types\/page"}],"author":[{"embeddable":true,"href":"https:\/\/lisleenvironnement.fr\/index.php\/wp-json\/wp\/v2\/users\/1"}],"replies":[{"embeddable":true,"href":"https:\/\/lisleenvironnement.fr\/index.php\/wp-json\/wp\/v2\/comments?post=2"}],"version-history":[{"count":11,"href":"https:\/\/lisleenvironnement.fr\/index.php\/wp-json\/wp\/v2\/pages\/2\/revisions"}],"predecessor-version":[{"id":83,"href":"https:\/\/lisleenvironnement.fr\/index.php\/wp-json\/wp\/v2\/pages\/2\/revisions\/83"}],"wp:featuredmedia":[{"embeddable":true,"href":"https:\/\/lisleenvironnement.fr\/index.php\/wp-json\/wp\/v2\/media\/9"}],"wp:attachment":[{"href":"https:\/\/lisleenvironnement.fr\/index.php\/wp-json\/wp\/v2\/media?parent=2"}],"curies":[{"name":"wp","href":"https:\/\/api.w.org\/{rel}","templated":true}]}}